{"id":1369,"date":"2023-08-17T17:44:49","date_gmt":"2023-08-17T17:44:49","guid":{"rendered":"https:\/\/ativoconstrucoes.com.br\/?page_id=1369"},"modified":"2023-08-17T17:59:33","modified_gmt":"2023-08-17T17:59:33","slug":"codigo-de-etica","status":"publish","type":"page","link":"https:\/\/ativoconstrucoes.com.br\/?page_id=1369","title":{"rendered":"C\u00f3digo de \u00c9tica"},"content":{"rendered":"<ul>\n<li>A Ativo Constru\u00e7\u00f5es atua de forma sustent\u00e1vel, visando sempre a excel\u00eancia na<br \/>\npresta\u00e7\u00e3o de seus servi\u00e7os, e para isso se compromete a seguir as seguintes<br \/>\ndiretrizes:<br \/>\n\u2022 Buscar a melhoria cont\u00ednua dos Sistemas de Gest\u00e3o da Qualidade, Meio<br \/>\nAmbiente, Seguran\u00e7a e Sa\u00fade Ocupacional;<br \/>\n\u2022 Obras gerenciadas por engenheiros devidamente registrados no CREA e com<br \/>\nexperi\u00eancia em execu\u00e7\u00e3o de obras;<\/li>\n<li>Cumprir as legisla\u00e7\u00f5es aplic\u00e1veis de Meio Ambiente, Seguran\u00e7a e Sa\u00fade<br \/>\nOcupacional e do setor espec\u00edfico de atua\u00e7\u00e3o;<br \/>\nGarantir o atendimento aos requisitos do cliente e a sua satisfa\u00e7\u00e3o;<\/li>\n<li>Promover ambientes de trabalho adequados e seguros, implementando<br \/>\nsistem\u00e1ticas de controle e de monitoramento que previnam les\u00f5es e doen\u00e7as<br \/>\nocupacionais;<\/li>\n<\/ul>\n<p><strong>&gt;&gt;\u00a0PRINC\u00cdPIOS \u00c9TICOS NO RELACIONAMENTO<\/strong><br \/>\nTranspar\u00eancia: Todos os documentos apresentados para informar sobre o produto ou servi\u00e7o dever\u00e3o ser claros e inteligentes para ambas as partes.<br \/>\nDivulga\u00e7\u00e3o: Ao executar um servi\u00e7o, os funcion\u00e1rios precisar\u00e3o relatar constantemente todo o processo de andamento de suas tarefas.<br \/>\nConfidencialidade: O profissional n\u00e3o dever\u00e1 divulgar nenhuma informa\u00e7\u00e3o privada sem que tenha permiss\u00e3o. Exceto em casos especificados em regulamenta\u00e7\u00e3o vigente.<br \/>\nConfian\u00e7a: Em suas condutas no trabalho, os profissionais precisam oferecer confiabilidade.<br \/>\nResponsabilidade t\u00e9cnica: Os colaboradores devem se manter juntos e honestos em seu relacionamento, com mais empatia e considera\u00e7\u00e3o com os demais.<\/p>\n<p><a href=\"https:\/\/ativoconstrucoes.com.br\/wp-content\/uploads\/2023\/08\/CODIGO-DE-ETICA-ATIVO-CONSTRUCOES-2022.pdf\" target=\"_blank\" rel=\"noopener\">Acesse aqui DOC Completo<\/a><\/p>\n","protected":false},"excerpt":{"rendered":"<p>A Ativo Constru\u00e7\u00f5es atua de forma sustent\u00e1vel, visando sempre a excel\u00eancia na presta\u00e7\u00e3o de seus servi\u00e7os, e para isso se compromete a seguir as seguintes diretrizes: \u2022 Buscar a melhoria cont\u00ednua dos Sistemas de Gest\u00e3o da Qualidade, Meio Ambiente, Seguran\u00e7a e Sa\u00fade Ocupacional; \u2022 Obras gerenciadas por engenheiros devidamente registrados no CREA e com experi\u00eancia [&hellip;]<\/p>\n","protected":false},"author":3,"featured_media":966,"parent":0,"menu_order":0,"comment_status":"closed","ping_status":"closed","template":"","meta":{"footnotes":""},"class_list":["post-1369","page","type-page","status-publish","has-post-thumbnail","czr-hentry"],"_links":{"self":[{"href":"https:\/\/ativoconstrucoes.com.br\/index.php?rest_route=\/wp\/v2\/pages\/1369","targetHints":{"allow":["GET"]}}],"collection":[{"href":"https:\/\/ativoconstrucoes.com.br\/index.php?rest_route=\/wp\/v2\/pages"}],"about":[{"href":"https:\/\/ativoconstrucoes.com.br\/index.php?rest_route=\/wp\/v2\/types\/page"}],"author":[{"embeddable":true,"href":"https:\/\/ativoconstrucoes.com.br\/index.php?rest_route=\/wp\/v2\/users\/3"}],"replies":[{"embeddable":true,"href":"https:\/\/ativoconstrucoes.com.br\/index.php?rest_route=%2Fwp%2Fv2%2Fcomments&post=1369"}],"version-history":[{"count":4,"href":"https:\/\/ativoconstrucoes.com.br\/index.php?rest_route=\/wp\/v2\/pages\/1369\/revisions"}],"predecessor-version":[{"id":1376,"href":"https:\/\/ativoconstrucoes.com.br\/index.php?rest_route=\/wp\/v2\/pages\/1369\/revisions\/1376"}],"wp:featuredmedia":[{"embeddable":true,"href":"https:\/\/ativoconstrucoes.com.br\/index.php?rest_route=\/wp\/v2\/media\/966"}],"wp:attachment":[{"href":"https:\/\/ativoconstrucoes.com.br\/index.php?rest_route=%2Fwp%2Fv2%2Fmedia&parent=1369"}],"curies":[{"name":"wp","href":"https:\/\/api.w.org\/{rel}","templated":true}]}}